[INFO] fetching crate ul 1.1.4...
[INFO] checking ul-1.1.4 against master#af3c6e733a40e671550e0f0f5aeecaa13772ba56 for pr-74989
[INFO] extracting crate ul 1.1.4 into /workspace/builds/worker-2/source
[INFO] validating manifest of crates.io crate ul 1.1.4 on toolchain af3c6e733a40e671550e0f0f5aeecaa13772ba56
[INFO] running `Command { std: "/workspace/cargo-home/bin/cargo" "+af3c6e733a40e671550e0f0f5aeecaa13772ba56" "read-manifest" "--manifest-path" "Cargo.toml", kill_on_drop: false }`
[INFO] started tweaking crates.io crate ul 1.1.4
[INFO] finished tweaking crates.io crate ul 1.1.4
[INFO] tweaked toml for crates.io crate ul 1.1.4 written to /workspace/builds/worker-2/source/Cargo.toml
[INFO] crate crates.io crate ul 1.1.4 already has a lockfile, it will not be regenerated
[INFO] running `Command { std: "/workspace/cargo-home/bin/cargo" "+af3c6e733a40e671550e0f0f5aeecaa13772ba56" "fetch" "--locked" "--manifest-path" "Cargo.toml", kill_on_drop: false }`
[INFO] running `Command { std: "docker" "create" "-v" "/var/lib/crater-agent-workspace/builds/worker-2/target:/opt/rustwide/target:rw,Z" "-v" "/var/lib/crater-agent-workspace/builds/worker-2/source:/opt/rustwide/workdir:ro,Z" "-v" "/var/lib/crater-agent-workspace/cargo-home:/opt/rustwide/cargo-home:ro,Z" "-v" "/var/lib/crater-agent-workspace/rustup-home:/opt/rustwide/rustup-home:ro,Z" "-e" "SOURCE_DIR=/opt/rustwide/workdir" "-e" "CARGO_TARGET_DIR=/opt/rustwide/target" "-e" "CARGO_HOME=/opt/rustwide/cargo-home" "-e" "RUSTUP_HOME=/opt/rustwide/rustup-home" "-w" "/opt/rustwide/workdir" "-m" "1610612736" "--user" "0:0" "--network" "none" "rustops/crates-build-env@sha256:d92eaeed33fa75130ca1ee6c8a01d1ffb62bac859dfdfb3450e3e5d1c0146529" "/opt/rustwide/cargo-home/bin/cargo" "+af3c6e733a40e671550e0f0f5aeecaa13772ba56" "metadata" "--no-deps" "--format-version=1", kill_on_drop: false }`
[INFO] [stdout] 65fc745e6fd761c87bbfb029fcebc0ca717f42413960102a2fc0c0b454709890
[INFO] [stderr] WARNING: Your kernel does not support swap limit capabilities or the cgroup is not mounted. Memory limited without swap.
[INFO] running `Command { std: "docker" "start" "-a" "65fc745e6fd761c87bbfb029fcebc0ca717f42413960102a2fc0c0b454709890", kill_on_drop: false }`
[INFO] running `Command { std: "docker" "inspect" "65fc745e6fd761c87bbfb029fcebc0ca717f42413960102a2fc0c0b454709890", kill_on_drop: false }`
[INFO] running `Command { std: "docker" "rm" "-f" "65fc745e6fd761c87bbfb029fcebc0ca717f42413960102a2fc0c0b454709890", kill_on_drop: false }`
[INFO] [stdout] 65fc745e6fd761c87bbfb029fcebc0ca717f42413960102a2fc0c0b454709890
[INFO] running `Command { std: "docker" "create" "-v" "/var/lib/crater-agent-workspace/builds/worker-2/target:/opt/rustwide/target:rw,Z" "-v" "/var/lib/crater-agent-workspace/builds/worker-2/source:/opt/rustwide/workdir:ro,Z" "-v" "/var/lib/crater-agent-workspace/cargo-home:/opt/rustwide/cargo-home:ro,Z" "-v" "/var/lib/crater-agent-workspace/rustup-home:/opt/rustwide/rustup-home:ro,Z" "-e" "SOURCE_DIR=/opt/rustwide/workdir" "-e" "CARGO_TARGET_DIR=/opt/rustwide/target" "-e" "CARGO_INCREMENTAL=0" "-e" "RUST_BACKTRACE=full" "-e" "RUSTFLAGS=--cap-lints=forbid" "-e" "CARGO_HOME=/opt/rustwide/cargo-home" "-e" "RUSTUP_HOME=/opt/rustwide/rustup-home" "-w" "/opt/rustwide/workdir" "-m" "1610612736" "--user" "0:0" "--network" "none" "rustops/crates-build-env@sha256:d92eaeed33fa75130ca1ee6c8a01d1ffb62bac859dfdfb3450e3e5d1c0146529" "/opt/rustwide/cargo-home/bin/cargo" "+af3c6e733a40e671550e0f0f5aeecaa13772ba56" "check" "--frozen" "--all" "--all-targets" "--message-format=json", kill_on_drop: false }`
[INFO] [stderr] WARNING: Your kernel does not support swap limit capabilities or the cgroup is not mounted. Memory limited without swap.
[INFO] [stdout] 78d22e8b58599145f16545174e7a402e7bf95d43adb2016d819de3d29b0b7fe9
[INFO] running `Command { std: "docker" "start" "-a" "78d22e8b58599145f16545174e7a402e7bf95d43adb2016d819de3d29b0b7fe9", kill_on_drop: false }`
[INFO] [stderr]    Compiling libc v0.2.66
[INFO] [stderr]    Compiling memchr v2.3.0
[INFO] [stderr]    Compiling glob v0.3.0
[INFO] [stderr]    Compiling cc v1.0.50
[INFO] [stderr]    Compiling version_check v0.1.5
[INFO] [stderr]    Compiling log v0.4.8
[INFO] [stderr]    Compiling byteorder v1.3.2
[INFO] [stderr]    Compiling proc-macro2 v1.0.7
[INFO] [stderr]    Compiling lazy_static v1.4.0
[INFO] [stderr]    Compiling bitflags v1.2.1
[INFO] [stderr]    Compiling cfg-if v0.1.10
[INFO] [stderr]    Compiling regex-syntax v0.6.13
[INFO] [stderr]    Compiling unicode-width v0.1.7
[INFO] [stderr]    Compiling quick-error v1.2.3
[INFO] [stderr]    Compiling unicode-xid v0.2.0
[INFO] [stderr]    Compiling bindgen v0.51.1
[INFO] [stderr]    Compiling strsim v0.8.0
[INFO] [stderr]    Compiling ansi_term v0.11.0
[INFO] [stderr]    Compiling vec_map v0.8.1
[INFO] [stderr]    Compiling termcolor v1.1.0
[INFO] [stderr]    Compiling peeking_take_while v0.1.2
[INFO] [stderr]    Compiling shlex v0.1.1
[INFO] [stderr]    Compiling thread_local v1.0.1
[INFO] [stderr]    Compiling humantime v1.3.0
[INFO] [stderr]    Compiling textwrap v0.11.0
[INFO] [stderr]    Compiling nom v4.2.3
[INFO] [stderr]    Compiling clang-sys v0.28.1
[INFO] [stderr]    Compiling aho-corasick v0.7.6
[INFO] [stderr]    Compiling libloading v0.5.2
[INFO] [stderr]    Compiling quote v1.0.2
[INFO] [stderr]    Compiling rustc-hash v1.0.1
[INFO] [stderr]    Compiling atty v0.2.14
[INFO] [stderr]    Compiling which v3.1.0
[INFO] [stderr]    Compiling clap v2.33.0
[INFO] [stderr]    Compiling cexpr v0.3.6
[INFO] [stderr]    Compiling regex v1.3.3
[INFO] [stderr]    Compiling env_logger v0.6.2
[INFO] [stderr]    Compiling ul-sys v1.1.2
[INFO] [stderr]     Checking ul v1.1.4 (/opt/rustwide/workdir)
[INFO] [stdout] error[E0599]: no associated item named `Undefined` found for type `u32` in the current scope
[INFO] [stdout]    --> src/jsc/value.rs:478:43
[INFO] [stdout]     |
[INFO] [stdout] 478 |         assert_eq!(vu.get_type(), JSType::Undefined);
[INFO] [stdout]     |                                           ^^^^^^^^^ associated item not found in `u32`
[INFO] [stdout] 
[INFO] [stdout] 
[INFO] [stdout] error[E0599]: no associated item named `Null` found for type `u32` in the current scope
[INFO] [stdout]    --> src/jsc/value.rs:489:43
[INFO] [stdout]     |
[INFO] [stdout] 489 |         assert_eq!(vn.get_type(), JSType::Null);
[INFO] [stdout]     |                                           ^^^^ associated item not found in `u32`
[INFO] [stdout] 
[INFO] [stdout] 
[INFO] [stdout] error[E0599]: no associated item named `Boolean` found for type `u32` in the current scope
[INFO] [stdout]    --> src/jsc/value.rs:500:43
[INFO] [stdout]     |
[INFO] [stdout] 500 |         assert_eq!(vt.get_type(), JSType::Boolean);
[INFO] [stdout]     |                                           ^^^^^^^ associated item not found in `u32`
[INFO] [stdout] 
[INFO] [stdout] 
[INFO] [stdout] error[E0599]: no associated item named `Boolean` found for type `u32` in the current scope
[INFO] [stdout]    --> src/jsc/value.rs:508:43
[INFO] [stdout]     |
[INFO] [stdout] 508 |         assert_eq!(vf.get_type(), JSType::Boolean);
[INFO] [stdout]     |                                           ^^^^^^^ associated item not found in `u32`
[INFO] [stdout] 
[INFO] [stdout] 
[INFO] [stdout] error[E0599]: no associated item named `Number` found for type `u32` in the current scope
[INFO] [stdout]    --> src/jsc/value.rs:520:43
[INFO] [stdout]     |
[INFO] [stdout] 520 |         assert_eq!(vn.get_type(), JSType::Number);
[INFO] [stdout]     |                                           ^^^^^^ associated item not found in `u32`
[INFO] [stdout] 
[INFO] [stdout] 
[INFO] [stdout] error[E0599]: no associated item named `String` found for type `u32` in the current scope
[INFO] [stdout]    --> src/jsc/value.rs:532:43
[INFO] [stdout]     |
[INFO] [stdout] 532 |         assert_eq!(vs.get_type(), JSType::String);
[INFO] [stdout]     |                                           ^^^^^^ associated item not found in `u32`
[INFO] [stdout] 
[INFO] [stdout] 
[INFO] [stdout] error: aborting due to 6 previous errors
[INFO] [stdout] 
[INFO] [stdout] 
[INFO] [stdout] For more information about this error, try `rustc --explain E0599`.
[INFO] [stdout] 
[INFO] [stderr] error: could not compile `ul`.
[INFO] [stderr] 
[INFO] [stderr] To learn more, run the command again with --verbose.
[INFO] running `Command { std: "docker" "inspect" "78d22e8b58599145f16545174e7a402e7bf95d43adb2016d819de3d29b0b7fe9", kill_on_drop: false }`
[INFO] running `Command { std: "docker" "rm" "-f" "78d22e8b58599145f16545174e7a402e7bf95d43adb2016d819de3d29b0b7fe9", kill_on_drop: false }`
[INFO] [stdout] 78d22e8b58599145f16545174e7a402e7bf95d43adb2016d819de3d29b0b7fe9
